 16*c - 7. Let v be w(2). Suppose -y + 204 = -v. What is the tens digit of y?
0
Let z = -245 + 266. Suppose 3*i = -2*y + 173, -4*y - z*i + 321 = -20*i. What is the units digit of y?
9
Suppose 11 = n - 5*j - 41, n - j = 36. What is the tens digit of (n - 6/((-6)/(-6))) + 1?
2
Let d(v) = -2*v**3 - 19*v**2 - 42*v - 5. What is the thousands digit of d(-16)?
3
Let g = -293 - 198. Let j = -182 - g. What is the tens digit of j?
0
Let u be 6 - 2 - (1 - 54). Let o = 56 - u. What is the tens digit of (-42)/o + 0 + (-4)/(-2)?
4
Suppose 3*n - 5*n + 4*g = -1092, 0 = -3*n - 5*g + 1693. Let a = 1033 - n. What is the hundreds digit of a?
4
Suppose 0 = -4*s - 4*v + v - 109, -3*s - 79 = 5*v. Let y be (-98)/s*3/(-7)*6. Let g(a) = -15*a + 15. What is the hundreds digit of g(y)?
1
Let c = -33 + 412. Let j = c - 232. What is the hundreds digit of j?
1
Suppose 11*u = -90 + 79. What is the tens digit of (((-4256)/(-20))/u)/(10/(-50))?
6
Let l(m) = 5711*m**2 - 11*m + 6. What is the tens digit of l(2)?
2
Suppose 5*j = -w + 139543, 0 = 16*w - 18*w + 6. What is the ten thousands digit of j?
2
Let b(d) = 2*d**2 - 17*d - 5. Let o be b(9). Suppose -c = v - 362, -c - o*c - v = -1802. What is the hundreds digit of c?
3
Let w(b) be the third derivative of -1/12*b**4 + 0 + b**3 + 21*b**2 + 0*b. What is the units digit of w(2)?
2
Suppose 4*v - 2144 = -2*b - 0*v, -v = -5*b + 5393. Suppose -2*z = o - 5*z - b, 5*z = 3*o - 3246. What is the hundreds digit of o?
0
What is the units digit of (35690/(-25) + -11)*-5?
3
Suppose -77*g - 46*g + 1132488 = 66*g. What is the tens digit of g?
9
Suppose -532*s + 521*s = -30219 - 21195. What is the hundreds digit of s?
6
What is the tens digit of (62 - 6)/((45/(-72))/(-5))?
4
Let z(q) = -q**2 - 21*q - 107. Let g be z(-10). Suppose g*a + 241 = l, 998 = 3*l - a + 283. What is the tens digit of l?
3
Let k(h) = 10*h + 42. Let f be k(-4). Suppose -4*j = -j - f*l - 2643, 5*l = -5*j + 4405. What is the hundreds digit of j?
8
Let o(y) = -190*y - 10. Suppose 2*q + 107 = 103. What is the tens digit of o(q)?
7
Let u(g) = -968*g**3 + g**2 + 131*g + 381. What is the tens digit of u(-3)?
3
Let s = -63861 + 91354. What is the hundreds digit of s?
4
Let a(m) = 6*m**2 - 4*m + 2. Let v be (3 + -2)*(-3)/(-1). Let y be a(v). What is the units digit of y + (10/25)/((-2)/(-10))?
6
Let o(w) = -8*w**2 - 3*w + 4. Let p be o(2). Let x(y) = y**3 + 37*y**2 + 60*y - 68. What is the units digit of x(p)?
0
Let x(a) = -a**2 + 141*a**2 + 80*a**2 - 2 + 319*a**2 + 8*a. What is the hundreds digit of x(1)?
5
Let c(k) = 5*k**2 + 33*k + 175. Let b be c(-6). Let n be 0/((0 - -1) + 1). Suppose -5*j + b + 363 = n. What is the tens digit of j?
0
Suppose -3*q = -j - 4*q - 326, 2*q = -10. Suppose -5*d + 2665 = o, -1048 = -2*d - 4*o - 0*o. Let s = d + j. What is the tens digit of s?
1
Suppose -67*p = 198*p - 7751515. What is the hundreds digit of p?
2
What is the units digit of (-292)/6*145*(-144)/160?
1
Let n be (132/15)/((-3136)/(-520) - 6). Suppose 2*q - 1528 = -3*w, 4*q - 4*w + n = 3382. What is the hundreds digit of q?
7
Let p(g) = 5*g**2 + 10*g - 84. Let h be p(-23). Suppose h = -49*s + 56*s. What is the tens digit of s?
3
Let w be (41 - 34) + (-1 - (-1)/(-1)). Suppose -24*l = -y - 26*l + 1004, 5065 = w*y + l. What is the units digit of y?
4
Suppose 4844 = -m + 4*r + 53196, -m + 5*r + 48353 = 0. What is the ten thousands digit of m?
4
Suppose 5 = 30*x - 55. Suppose 7*t - 2*t = r + 1092, x*r - 663 = -3*t. What is the units digit of t?
9
Suppose 3*w + 85 - 52 = 0. Let n(g) = 9*g**2 + 26*g - 4. What is the units digit of n(w)?
9
Let c(f) = -2*f + 3. Let h be c(3). Suppose -n = 4*o - 11, 0 = 2*o - 0*o - 5*n - 33. Let s = o + h. What is the units digit of s?
1
Suppose 12 = 5*z - z. Suppose -z*u = u + 340. Let m = 148 + u. What is the tens digit of m?
6
Let o be 1721 - ((-8)/8 - (-1 + 1)). Suppose -23*z = -16*z + o. Let x = z + 447. What is the units digit of x?
1
Let v = 16419 + -8989. What is the units digit of v?
0
Suppose -x + 1 + 6 = s, -3*x + 26 = 4*s. Suppose 33*k - 21 = 26*k. Suppose 3*j = -k*z + 378, -z = -2*z + x*j + 123. What is the hundreds digit of z?
1
Let y(x) be the second derivative of x**5/20 - x**4 + 11*x**3/6 - 3*x**2 + 18*x. Let s be y(11). What is the hundreds digit of ((-9)/s)/((-18)/(-1416))?
1
Let d = 6 - 3. Suppose -2*a + 479 = 2*o + d*a, -5*o = 3*a - 1150. Suppose 8*h - o - 37 = 0. What is the tens digit of h?
3
Let c(h) = 16*h + 19. Let o be c(-1). Suppose o*a + 1500 = 6*a. What is the units digit of a?
0
Let i(c) = -2*c**2 - 231*c + 77. What is the units digit of i(-21)?
6
Suppose 13*p + 4*p - 544 = 0. Let r = -27 + p. Suppose -3*f + 199 = -0*f + 2*k, -5*k + 330 = r*f. What is the tens digit of f?
6
Suppose -5*p + 11 - 26 = 0. What is the hundreds digit of (-9 - (-1815)/44)/(p/(-16))?
1
Let i = 36 + 62. What is the hundreds digit of -298*((-23)/14 + 14/i)?
4
Suppose -240*v - 4056 = -241*v. What is the thousands digit of v?
4
Let c be (-10)/(-90)*1443 - 1/3. Let v(d) = -d + 13. Let j be v(9). Suppose j = 4*r, -2*q + 5*r = r - c. What is the tens digit of q?
8
Suppose -2*a - 432 = -4566. Let y = 6451 - 6432. Suppose -y*d = -6*d - a. What is the units digit of d?
9
What is the thousands digit of ((-426065)/(-25) - 2/(-5)) + -1 + 1?
7
Let b be (-10)/2 + 7 - -9. Suppose 10*l - b*l + 15 = 0. What is the units digit of l?
5
Let q(z) = 10*z + 27907. What is the units digit of q(0)?
7
Suppose 4*y = -163 - 65. Let h = 2 - y. Suppose 0 = -2*i - o + 2*o + 132, i + 3*o - h = 0. What is the tens digit of i?
6
Let p be ((-2)/3)/((-62)/54591). Suppose 0 = -2*f + 651 + p. What is the tens digit of f?
1
Suppose o = -4*f - 51 - 50, 4*f + 76 = 4*o. Let i = 59 + f. Suppose -4*q + 177 = x, -x = -3*q + i + 89. What is the tens digit of q?
4
Let o be -6 + (3 - -1) - (-6 + 0). Suppose o = q - 2. Suppose u - 5*c = 169, 5*u - 3*c + 137 = q*u. What is the hundreds digit of u?
1
What is the units digit of (2227 - -6) + 13 - -12?
8
Let k = 13376 + -5124. What is the thousands digit of k?
8
What is the thousands digit of -4689*(5 + (-30 - -18))?
2
What is the thousands digit of 18/3 - (-4316 + -30)?
4
Suppose 428*k - 26052 = 427*k + 4*b, -2*k = 4*b - 52164. What is the units digit of k?
2
Let p(o) = -94*o**3 - 18*o**2 - 6*o - 17. What is the ten thousands digit of p(-5)?
1
Let u = -145 + 140. Let d(g) = 25*g**2 + 17*g + 104. What is the hundreds digit of d(u)?
6
Let c = 43 - 95. Let v = 429 + c. What is the tens digit of v?
7
Suppose 7 = m + 2, -510 = 5*d - 3*m. Suppose 5*w - 2*t - 848 = t, 3*w - 509 = 2*t. Let v = w + d. What is the tens digit of v?
7
Let u(f) = 11*f + 66. Let m be u(-6). Let v be (5/(-10) - m)/(2/(-4)). What is the units digit of ((-1)/2)/(v/(-108))?
4
Let k be 3/(-3) - 6/(4/(-2)). Suppose -4*t - j = 21, -k*t = -j - 2*j + 21. What is the hundreds digit of ((-19)/3)/(t/108)?
1
Let t(n) = -5*n + 187 + 5 - 48*n - 24*n. What is the units digit of t(-14)?
0
Suppose 5*o = -2*l - 8 + 2646, -4*l + 2108 = 4*o. What is the units digit of o?
8
Let y = -13335 + 20721. What is the tens digit of y?
8
What is the units digit of -8 + (-2)/(-2 - 105392/(-52703))?
1
Let r(a) = 20*a - 89. Let h be r(5). Suppose 0 = 4*i - 3*w - 1722, -h*w - 4 = -13*w. What is the units digit of i?
2
Let d be 7/21 + (-2760)/(-9). Let g = d + -244. What is the tens digit of g?
6
Suppose -2008 = -k - 4*x, -10*k + 15*k - 3*x = 10109. Suppose a = -4*o + 4025, -4*a = -2*o - 6*a + k. What is the units digit of o?
5
Let x = 239 - 239. Suppose -r + 4*n + n + 23 = 0, 4*r - 5*n - 122 = x. What is the units digit of r?
3
Let a(p) = 6*p**3 - 4*p**2 - p + 4. Let m be a(-3). Suppose -5*s - 263 = -4*w + 3*w, -s + 5 = 0. Let k = m + w. What is the tens digit of k?
9
Let g(l) = l**3 + 5*l**2 - 17*l + 5. Let p be g(-7). Let a(t) = t**2 - 19*t - 94. What is the tens digit of a(p)?
8
Suppose -206*v + 228*v = 396. Suppose -v*o = -8*o - 10580. What is the thousands digit of o?
1
Let u = -55 + 58. Suppose 5*k - 7 = u, 5*k = 2*z + 4. Suppose 10*n = z*n + 595. What is the tens digit of n?
8
Let q(i) = 465*i**3 + 12*i**2 - 22*i + 45. What is the hundreds digit of q(3)?
6
Let t(i) = -10928*i**3 + 4*i**2 + 37*i + 34. What is the tens digit of t(-1)?
2
Suppose -10*g - 174*g + 55090 = -1006406. What is the units digit of g?
9
Let s = -